5359. Let t be 2/3 + 40/(-15). Determine l(t).
2
Let h(n) = n**3 + 7*n**2 + 6*n. Let s be ((-57)/(-21) - 1)/(5/(-35)). Let o(p) = p + 4 - 1 + 3. Let v be o(s). What is h(v)?
0
Let r be 2 - 306/(-1)*2. Let j = -611 + r. Let a(q) = 11*q - 3. Calculate a(j).
30
Let t(f) = 7*f**3 - f**2 + f - 1. Let u = 16 - 15. Let m be t(u). Let r(j) = -j**2 + 2*j**2 - 1 + 5 - m*j - 9. Determine r(8).
11
Let n be 108/15*(175 + -10). Suppose -n*o + 24 = -1185*o. Let p(s) = -5*s + 11. Determine p(o).
-29
Let m(b) be the first derivative of -3*b**2 - 18*b - 953. What is m(-6)?
18
Let v(u) = -u**3 + u**2. Let w(f) = -4*f + 19. Let g be w(5). Let r be (51/(-12))/(((-2)/(-8))/g). Suppose 0 = -r*b + 16*b. Calculate v(b).
0
Let c(a) = a**3 + 2*a**2 - 117*a + 41. Let s be c(-12). Let o(r) be the second derivative of -r**2 + 1/20*r**s - 20*r + 0 - 4/3*r**3 + 1/2*r**4. Give o(-7).
5
Let i(f) be the third derivative of f**5/30 - f**4/6 - 2*f**3 - 585*f**2. Give i(6).
36
Let f(k) = -28*k + 15. Suppose 4*u + 2*y = -12, u + 7 + 1 = 2*y. Let h(g) = 27*g - 19. Let b(w) = u*h(w) - 5*f(w). What is b(-1)?
-31
Suppose 49 = -3*u - 0*s + 4*s, 0 = -5*u + 4*s - 71. Let p(r) = -2*r + 3. Let b(c) = 5*c - 9. Let x(o) = u*p(o) - 4*b(o). Give x(-9).
-15
Let u(o) = o**3 - 2*o**2 - 4*o + 1. Let g = 235 + -226. Suppose 5*s - g = -34, h = -4*s - 17. What is u(h)?
-2
Let l(z) be the first derivative of -z**4/4 - 5*z**3/3 - 5*z**2/2 - 29*z - 1793. Determine l(-5).
-4
Let y(s) = s**3 + 9*s**2 - 22*s - 8. Let l = 2070 + -2081. Determine y(l).
-8
Let w be ((-3)/(-15) + (-2)/10)/2. Suppose 10*k + 45 + 15 = w. Let n(p) = -p**3 - 5*p**2 + 4*p + 6. Calculate n(k).
18
Suppose d - 5*w = 4*d - 127, 3*d - 2*w = 113. Suppose 3*h + d = 72. Let t(l) = 10*l**2 - h*l**2 + 0*l**2. Calculate t(-1).
-1
Let i(g) = -3*g + 2. Let c = 3214 - 3221. What is i(c)?
23
Let o(v) = 185*v**2 - 372*v**2 - 2*v - 7*v + 14 + 188*v**2. Determine o(3).
-4
Let l(v) = 28*v**3 - v**2 - 29*v - 9. Let j(i) = -13*i**3 + 14*i + 5. Suppose -13 - 29 = 7*r. Let h(y) = r*l(y) - 13*j(y). Calculate h(-7).
-4
Let z(y) = -6*y - 4 + 2*y**2 + y**2 - 4*y**2 + 2*y**2. Suppose 4*a - 5*k = -a + 50, 4*a + 4*k = 0. What is z(a)?
-9
Let x(q) = -q**3 - 10*q**2 + 14*q + 26. Let s = -2695 - -2684. Determine x(s).
-7
Let w(c) = -3*c**3 + 2*c**2 - c. Let b = -9 + 19. Suppose 23 = 2*t + 5*q + 3, -4*q = -t + b. Suppose -4 = 3*l - t. Determine w(l).
-18
Let l(o) = -o**2 - 3*o + 9. Let w(v) = 2*v**2 - v + 6. Let s(n) = l(n) - 2*w(n). What is s(4)?
-87
Let l(b) = b**3 - 5*b**2 + 3*b - 11. Suppose -13*n + 70 = n. Let v be l(n). Let a(s) = s**3 - 5*s**2 + 2*s - 6. What is a(v)?
-14
Let y(i) = 8*i + 11. Let k(l) = 7*l + 10. Let r(n) = -6*k(n) + 5*y(n). Suppose -152 = 3514*p - 3552*p. Give r(p).
-13
Let x(i) = -i - 3. Let a = 5958 - 5957. Calculate x(a).
-4
Let l(g) be the first derivative of -g**6/60 - g**5/40 + 2*g**3 + g + 23. Let h(u) be the third derivative of l(u). Calculate h(-2).
-18
Let i(g) be the third derivative of -g**5/60 - 5*g**4/8 - 6*g**3 + 3062*g**2. Determine i(-11).
8
Let t be (-1*2)/(8/(-16)). Let q(d) = -65 + 4*d + 21 - 2*d**2 + 26 + 23. What is q(t)?
-11
Let w(j) = j**2 - 3*j - 7. Let z(h) = 10*h + 20. Suppose -10*g - 31 - 19 = 0. Let u(l) = -10*l - 19. Let q(o) = g*u(o) - 6*z(o). Let x be q(-3). What is w(x)?
3
Let n(h) be the third derivative of 1/4*h**4 + 3/2*h**3 + 0 + 0*h - 1/120*h**5 + 27*h**2. Let z(c) be the first derivative of n(c). Calculate z(5).
1
Let q(f) = -f**2 + f + 25. Let u(s) = -3*s**3 - 5*s**2 - s + 1. Suppose 39*k = 26*k - 13. Let x be u(k). Give q(x).
25
Suppose 0 = 2*d + 2*j - 14, -d + j + 58 = 3*d. Let f(w) = 3*w - 38. Calculate f(d).
1
Let y(n) = -n**3 + 12*n**2 - 15. Let w(d) = -d**3 - 17*d**2 - 33*d - 33. Let k = -793 + 778. Let c be w(k). What is y(c)?
-15
Let v = 87 - 80. Let z be (1/(-2) + -2)*(-20)/25. Let w(a) = -2*a**2 + 3*a + 7*a + z + a**2. Determine w(v).
23
Let p(q) = -q**3 - 5*q**2 - 5*q - 3. Let j(n) = n**3 - 2*n**2 + 4*n - 3. Let s be j(3). Let w = 1100 - 1078. Let l = s - w. Calculate p(l).
1
Suppose -37*n - 1215 = -42*n. Let f = n - 239. Let t(s) = s**2 + 4*s. Let w(l) = l**2 + 3*l - 1. Let u(c) = 4*t(c) - 5*w(c). Determine u(f).
-7
Let m(c) = -c**3 - 3*c**2 + c. Let u = -2048 + 2130. Suppose 4*n + 150 = 2*z, -83 = -4*z + 5*n + 232. Let f = u - z. What is m(f)?
-3
Let v(r) be the third derivative of -r**5/60 + r**4/24 + 7*r**3/6 - 27*r**2. Suppose 87 - 184 = -183*x + 452. Give v(x).
1
Let d be -4*4/(8/(-3)). Let s(o) = 3*o + 0 + 2 - o**2 + 5*o - d*o. Give s(-1).
-1
Let t be 5/(-5)*(9 + -2). Let q(x) be the third derivative of x**6/120 + x**5/10 - x**4/8 - 166*x**2. What is q(t)?
-28
Let z(m) = -2*m - 2 - m + 1 - 7*m + 11*m - 13. Suppose 2*c - 3*j - 27 = 0, 5*c - 55 - 1 = -4*j. Calculate z(c).
-2
Let b(i) = -2*i - 6. Let d(n) = 32*n + 10. Let j(m) = -6*b(m) - d(m). Determine j(-8).
186
Let f(h) = h. Suppose t - 21 = -20. Let z be (-1)/(3/(-36)*-3)*t. What is f(z)?
-4
Let v(n) = -n**2 - 6*n - 9. Suppose -7*c = -354 + 396. Give v(c).
-9
Let n = 5595 - 5589. Let t(k) = 17*k + 7. Calculate t(n).
109
Suppose -3*k + 18 = -2*k + 3*f, -5*k + 34 = f. Let c(w) = -w**2 - 25 + k*w - w + 14*w + 3*w. What is c(21)?
-4
Let s be -6*((-6)/(-18) + -1). Suppose -v = -1, 3*n + s*v + 1 = 4*n. Let k(y) = -2*y + 15. Calculate k(n).
5
Let r(n) be the first derivative of -n**4/2 + 6*n**3 - n**2 + 9*n - 323. Give r(9).
-9
Suppose -2*p = 17*p - 19. Let o(x) = -2*x**2 + 4*x + 5. Let y(g) = g**2 - g - 1. Let t(m) = p*o(m) + 3*y(m). What is t(-3)?
8
Let q be 5/(-20) - (-9)/4. Let g(t) = 2*t**3 - 7 - t + 2*t**3 + 0*t**3 + 5*t**q - 3*t**3. Let y(s) = s**2 + 36*s + 63. Let j be y(-34). Give g(j).
-2
Suppose 51*x = -5*u + 49*x + 126, -4*u - 5*x + 94 = 0. Let l(o) = -2*o**2 + 54*o - 45. Calculate l(u).
7
Let c be (2/12)/((-111)/185 - 56/(-60)). Let t(a) be the first derivative of -6*a + 29 + c*a**2. Calculate t(4).
-2
Suppose -35 = 3*h - 8*h. Let y(k) = -4*k**3 - 14*k**2 + 17*k - 11. Let c(z) = 3*z**3 + 9*z**2 - 12*z + 7. Let w(n) = 7*c(n) + 5*y(n). Determine w(h).
1
Let l(r) = 2*r + 29. Let j(f) = -f**2 - 7*f - 14. Let b be j(-7). Let k be l(b). Let n be (-4)/(-8)*6 - k/1. Let c(z) = 4*z**2 - 2. Give c(n).
14
Let k(v) = 2*v + 0 - 1 - 2*v**2 + 4*v**3 - v + 3*v**2. Let t be k(1). Suppose 4*y = t*y + 7. Let z(g) = -g - 9. Calculate z(y).
-2
Let i(u) = 1 - u**2 - 15*u + 9*u + 4*u. Let h(c) = -c**2 - c + 1. Let g(d) = -3*h(d) + 2*i(d). Calculate g(3).
5
Let m(r) = 10*r + 13. Let i(f) = 9*f + 12. Let s(z) = -6*i(z) + 5*m(z). Let o(w) = 10*w + 21. Let c(u) = -3*o(u) - 8*s(u). What is c(5)?
3
Let o(s) be the second derivative of -s**5/20 - 2*s**4/3 - 2*s**3 - s**2 - 53*s + 4. Calculate o(-3).
-11
Suppose z - 3*z = 16. Let d = -4 - z. Let h = d - 13. Let l(v) = v + 16. Calculate l(h).
7
Let k(c) be the third derivative of -c**5/20 - c**4/24 + 5*c**3/6 + 6*c**2 + 71. Give k(2).
-9
Let l = -21 - -15. Let g be ((-36)/54)/(1/l). Let i(p) = 2 + 4*p - p - 4*p - p**2 - g*p. What is i(-5)?
2
Let i be (-236)/(-14) - 9/(-63). Suppose -i*r + 6*r - 55 = 0. Let b(y) be the second derivative of y**4/12 + y**3/2 + y**2 + 2*y. Calculate b(r).
12
Let b(k) = -18 + 4*k + 6*k - 9*k - 7*k - k**2. What is b(-8)?
-34
Suppose 0*w + 4*w - z - 5 = 0, 5*w + 20 = -4*z. Suppose w = -4*v - 3*a - 59, 2*v + 0*v - 5*a + 23 = 0. Let r(m) = -m - 26. Determine r(v).
-12
Let t(u) be the third derivative of -u**4/4 + 7*u**3 - 484*u**2. Determine t(10).
-18
Let m(z) = -z**3 - 3*z**2 + 12*z + 6. Suppose -143*r - 179 - 552 + 16 = 0. Give m(r).
-4
Let g(s) = 63*s**2 - 89*s + 28. Let o(m) = 13*m**2 - 18*m + 5. Let a(p) = -6*g(p) + 29*o(p). Determine a(13).
-36
Let c = -4 + -1. Let f(x) be the third derivative of 1/8*x**4 + 1/60*x**5 + 0 - 1/6*x**3 + 0*x + 12*x**2. Calculate f(c).
9
Let j(x) be the second derivative of -x**7/2520 - x**6/120 + x**5/24 - 31*x**4/4 + 94*x. Let h(f) be the third derivative of j(f). Give h(-5).
10
Let q(w) = w**2 + w. Let n(c) = -3*c**2 - 2*c + 1. Let l = 98 - 56. Let b be 3/(2/(l/(-9))). Let i(a) = b*q(a) - 3*n(a). Determine i(3).
12
Suppose 28 = -0*i - 2*i + 5*k, -2*k - 4 = 3*i. Let p be (-315)/(-42)*(i/(-5) - 0). Let b(v) = -v**3 + 6*v**2 + v. Give b(p).
6
Let y(w) = 4*w**3 + 3*w**2 + 3*w - 12. Let n = -308 + 307. Let x(d) = -d**3 - d**2 - d - 1. Let l(u) =